ase 16, what is -1 - -1ac6a7?
1ac6a6
In base 6, what is 204535523 + -30?
204535453
In base 4, what is 20 + -303322210?
-303322130
In base 11, what is -523a781 - -9?
-523a773
In base 3, what is 2012 + 1102022001012?
1102022010101
In base 9, what is 145 + -525558?
-525413
In base 7, what is -2 - 1234650651?
-1234650653
In base 11, what is 4 + -709450?
-709447
In base 14, what is -b8b19 - 993?
-b96ac
In base 16, what is 5560155 - 5?
5560150
In base 8, what is -3 + -135220?
-135223
In base 12, what is 17842 - -bb?
17941
In base 3, what is -22122121 - -21010212?
-1111202
In base 4, what is -3300103120 + -2?
-3300103122
In base 8, what is 7314 - -304133?
313447
In base 11, what is 4436046 + 13?
4436059
In base 11, what is 761 - 315265?
-314604
In base 11, what is 3 + -237882a6?
-237882a3
In base 8, what is 5673726670 - -4?
5673726674
In base 12, what is 1 - 324554?
-324553
In base 6, what is 3313 - -21350?
25103
In base 15, what is 10 + -185188?
-185178
In base 2, what is -100011011011001000011101111 - 11?
-100011011011001000011110010
In base 9, what is -18257338 + -4?
-18257343
In base 5, what is 1123 + -204343302?
-204342124
In base 8, what is -360 + -14037?
-14417
In base 9, what is -18070 - -40341?
21261
In base 12, what is -12 + -a48696?
-a486a8
In base 15, what is -17 - -35c5?
35ad
In base 4, what is -2202213230232110 + 0?
-2202213230232110
In base 3, what is -21121102 - -201001011?
102102202
In base 14, what is 1b + ac099?
ac0b6
In base 8, what is -11023 - -2404?
-6417
In base 9, what is -211 + -17638?
-17850
In base 3, what is 222012110102 + 22020?
222012202122
In base 12, what is -1b - 25a86?
-25aa5
In base 5, what is 220 + 10131111?
10131331
In base 3, what is -101102000001220 + 1?
-101102000001212
In base 12, what is -17b482816 + -1?
-17b482817
In base 6, what is -152450134 - 1234?
-152451412
In base 2, what is 1010111101001011110100111 + 10?
1010111101001011110101001
In base 12, what is -7 - -266451?
266446
In base 16, what is -5 + 12e8de?
12e8d9
In base 2, what is 11101110 - 10001110100001010011?
-10001110011101100101
In base 7, what is 1024063 + -311?
1023452
In base 7, what is 3 - -320261115?
320261121
In base 16, what is 79 + -89e39?
-89dc0
In base 15, what is 1958 - 2d35?
-13cc
In base 8, what is -1475200 + 17?
-1475161
In base 6, what is 4230 + -133?
4053
In base 10, what is -42790528 + -2?
-42790530
In base 13, what is -389 - -13b9c?
13813
In base 6, what is -145235110 + 5?
-145235101
In base 3, what is 22210112020 + -21022?
22210020221
In base 3, what is 1020001200122102201 + 12?
1020001200122102220
In base 9, what is 146084 - -676?
146771
In base 8, what is 67 + 523232?
523321
In base 10, what is 1 + 3212510?
3212511
In base 3, what is 1022021222001 - -110211?
1022022102212
In base 16, what is -12 - 8612?
-8624
In base 7, what is -154436 - 10211?
-164650
In base 4, what is 1332110032033 + 0?
1332110032033
In base 14, what is 27bd413 + 4?
27bd417
In base 12, what is 157 + -239b?
-2244
In base 3, what is 10100112 + 100022012101?
100102112220
In base 4, what is 311211110030 - 0?
311211110030
In base 13, what is -333c5c4 + -1?
-333c5c5
In base 10, what is 7051 + -44211?
-37160
In base 4, what is -22101 + 131331131?
131303030
In base 14, what is -17c5 - 7544?
-8d29
In base 6, what is 0 - 42104112?
-42104112
In base 13, what is 1c4a5 + 105?
1c5aa
In base 8, what is 51754 + 4002?
55756
In base 16, what is -1c - -16c2?
16a6
In base 7, what is -24 + 510561?
510534
In base 13, what is -7 + 628a84?
628a7a
In base 14, what is -d11387 - 2?
-d11389
In base 5, what is 13002014144 + 1?
13002014200
In base 8, what is 20254533 - -27?
20254562
In base 11, what is 3 - -8a05713?
8a05716
In base 6, what is 5 - 10534050513?
-10534050504
In base 16, what is -e28 + e64?
3c
In base 10, what is -611871 - -55?
-611816
In base 5, what is -4003 + 1234121?
1230113
In base 14, what is 2 + 264d38?
264d3a
In base 14, what is -2 - -18bb09?
18bb07
In base 16, what is 6ee38b60 - 4?
6ee38b5c
In base 3, what is 21021212121201 - 12?
21021212121112
In base 4, what is -100100201213 - -120?
-100100201033
In base 4, what is 103111302023 - -2?
103111302031
In base 4, what is -10 + -121100313230?
-121100313300
In base 15, what is 220 + 332d8?
33508
In base 13, what is -c1626a + 3?
-c16267
In base 8, what is -25075 + 12345?
-12530
In base 9, what is 134024 + 388?
134423
In base 16, what is 1eeeca90 + 3?
1eeeca93
In base 8, what is 5 + 407476760?
407476765
In base 15, what is -35 - -2b31e9e?
2b31e69
In base 10, what is -518 - 463205?
-463723
In base 12, what is 400a - -38b?
4399
In base 9, what is 11281 + 13741?
25132
In base 10, what is -85906 + 99?
-85807
In base 8, what is 110640571 - 3?
110640566
In base 2, what is -1110000000111100001 + -10101101?
-1110000001010001110
In base 11, what is -7195 + -125a?
-8444
In base 16, what is ad4ff6 - -40?
ad5036
In base 4, what is -310323 + -22130?
-333113
In base 6, what is 121553203021 - -1?
121553203022
In base 14, what is -42cb2c7 + 0?
-42cb2c7
In base 14, what is 4d35 - 3683?
1692
In base 15, what is dcbc - 7e8?
d4c4
In base 10, what is -1559 - 16396?
-17955
In base 13, what is 3cac5 + -4a?
3ca78
In base 9, what is -108873558 + 3?
-108873555
In base 16, what is -19 - 9897?
-98b0
In base 16, what is -3 - 37c969f?
-37c96a2
In base 11, what is -920 + 58183?
57363
In base 3, what is -2111101 + -1010021201?
-1012210002
In base 10, what is 21790 + -838?
20952
In base 14, what is -34ac + -29?
-34d7
In base 14, what is -4a1c0 - -7?
-4a1b7
In base 4, what is -303 - -210230313?
210230010
In base 12, what is 5 - 224804?
-2247bb
In base 4, what is 1131 - -2322000?
2323131
In base 13, what is 1785 + 243?
19c8
In base 6, what is 5533014 + 343?
5533401
In base 4, what is 23322023 - -1001?
23323030
In base 12, what is -5 - -363a54?
363a4b
In base 13, what is 2c6c27 + -2?
2c6c25
In base 14, what is 5 + 95bbab?
95bbb2
In base 12, what is 868a4 + -12?
86892
In base 2, what is 101100101001 - 1111101000000101111?
-1111100010100000110
In base 3, what is -1011101111002 - 1000?
-1011101112002
In base 7, what is 4132150 + -11?
4132136
In base 5, what is 331303001 + 42?
331303043
In base 2, what is 101 + -10001100000010000110111?
-10001100000010000110010
In base 16, what is 609d4 + a?
609de
In base 12, what is -8951854 - 5?
-8951859
In base 16, what is 2 + -4629f28?
-4629f26
In base 8, what is 7242 - -253544?
263006
In base 6, what is 2 + 4005532430?
4005532432
In base 6, what is -354 - -5514351?
5513553
In base 4, what is -3001031 - -2120330?
-220101
In base 4, what is 1211331203322 + 10?
1211331203332
In base 3, what is 2222210012 + 11020?
2222221102
In base 3, what is -112 - -111200102021?
111200101202
In base 5, what is 100 - 201034002?
-201033402
In base 2, what is 0 - 101010011011110110010101?
-101010011011110110010101
In base 15, what is e7 + 4d08?
4e00
In base 16, what is -248e + -e05?
-3293
In base 10, what is -28568 + -1760?
-30328
In base 8, what is 23716566 - -1?
23716567
In base 3, what is 1010111100000222 + 1?
1010111100001000
In base 2, what is 101001111010001100010111011 + -11?
101001111010001100010111000
In base 13, what is -a82bbc - -6?
-a82bb6
In base 15, what is 290d1561 + 3?
290d1564
In base 14, what is 6b1932 - -3?
6b1935
In base 7, what is -16 + 33302?
33253
In base 11, what is 327108aa + 0?
327108aa
In base 14, what is 17 - 2d54494?
-2d5447b
In base 13, what is 18a137 - -c?
18a146
In base 16, what is 891b5 - -6?
891bb
In base 16, what is -3c8f3 + -120?
-3ca13
In base 14, what is 3 - 14ba9c?
-14ba99
In base 15, what is 2b259 + -209?
2b050
In base 15, what is 33 - 1ead5?
-1eaa2
In base 11, what is -679 + 16870?
161a2
In base 16, what is 5f1a + 3a?
5f54
In base 4, what is 1113033 - -3133103?
10312202
In base 11, what is -33 + -629212?
-629245
In base 11, what is 308 + 1782?
1a8a
In base 7, what is 5 - -13353425?
13353433
In base 5, what is 4 - 124130241202?
-124130241143
In base 12, what is -138510b + -74?
-1385183
In base 8, what is 5 - -42535714?
42535721
In base 8, what is 2054265 + -10?
2054255
In base 11, what is -19 + -10976?
-10994
In base 6, what is -152355 + 4433?
-143522
In base 7, what is -521313531 - -3?
-521313525
In base 10, what is -116191179 - 1?
-116191180
In base 4, what is 20 + 13122010002?
13122010022
In base 